5. Let p be d(s). Let m = p - 1. Let n(r) = r**2 - 1. Determine n(m).
3
Let a(y) = y**3 - 5*y**2 + 2*y + 1. Suppose 3*z = -2*z + 25. Determine a(z).
11
Suppose 5*j = 3 + 7. Suppose j*v - 4 + 0 = 0. Let t(w) = -w**3 + 4*w**2 - 3*w + 3. Calculate t(v).
5
Let j(q) = q**3 + 4*q**2 - 4*q + 2. Suppose p + 4 + 4 = -3*b, 5*p = 2*b - 23. Give j(p).
-3
Let o = 22 - 17. Let m(q) = -9 + o - q**2 + 6*q + 2. Give m(6).
-2
Let n(k) = -k**2 - 4*k + 4. Let q = -14 + 8. Calculate n(q).
-8
Let u(f) = f**2 - 2*f + 2*f**2 - 5*f**2 + 1 + 4*f. Let c be u(-1). Let v(q) be the third derivative of q**5/60 + q**4/8 + q**3/6 + q**2. What is v(c)?
1
Let o(s) = 4*s**3 - 5*s**3 + 6*s**3. Let i(d) = 3*d**2 - 2*d**2 + 1 + 0 - 3*d + 2. Let f be i(2). Determine o(f).
5
Suppose 12 = -3*g + 7*g. Let n(z) be the third derivative of z**4/24 + z**3/6 - 2*z**2. Calculate n(g).
4
Let b(q) = -4*q**3 - 16*q**2 + 10*q - 7. Let l(w) = -1 - 2 + w**3 + 5*w**2 + 1 - 3*w + 4. Let t(d) = 2*b(d) + 7*l(d). What is t(3)?
-3
Let s(b) be the first derivative of -2*b + 1/4*b**4 + b**2 + 0*b**3 - 3. What is s(2)?
10
Let c(p) = -p - 2. Suppose 0 = -4*m - 12, -3*v - 29 = -v + 5*m. Calculate c(v).
5
Suppose 0*j = -4*j + 12. Let z(f) = 13*f - 4 + 0*f**2 - 5*f - f**j + f**2 + 4*f**2. Calculate z(6).
8
Let i(v) be the third derivative of -v**6/120 + v**5/10 + v**4/4 + 5*v**3/6 + 16*v**2 + 1. Determine i(7).
-2
Let s(y) = 3*y**3 - 2*y**2 + 2*y + 6. Let g(k) = -3*k - 6*k**2 + 0*k - 4*k**3 + 9*k**2 - 7. Let m(a) = 4*g(a) + 5*s(a). Calculate m(2).
-2
Let i(a) = a**2 - a - 4. Let c = -9 + 13. What is i(c)?
8
Let f(w) = -w**2 - w + 1. Let c(o) = -7*o**2 - 3*o + 3. Let l(s) = -c(s) + 2*f(s). Calculate l(1).
5
Let a(b) = -b - 8. Suppose 3*y = -2*t + 1, 0 - 12 = t - y. Give a(t).
-1
Suppose -2*q - q = 0. Let x = q - -1. Let o(p) be the second derivative of -p**3/6 + p**2/2 + 2*p. Give o(x).
0
Let m(q) = q**3 - 5*q**2 + 5*q. Let r be 10/3*36/10. Suppose b = -2*b + r. Calculate m(b).
4
Let c(n) = -2*n - 2. Suppose -k + 2 + 4 = 3*g, 4*g = 3*k + 8. Suppose -g*s + 4*o = 3*s + 16, 0 = -4*s - 4*o - 20. Calculate c(s).
6
Let w(v) be the third derivative of -v**4/6 + v**3/2 - 2*v**2. Let d = 27 - 17. Suppose -5*o = j - 12, -5*j - 4*o + d = -4*j. Give w(j).
-5
Let g(o) = 3*o**3 - 4*o**3 - 7*o - 3*o**2 + 6 + 9*o**2. Let h be g(5). Let c(t) = t**2 + 2*t - 1. Give c(h).
7
Let a(h) = 5*h**3 - 3*h + 1. Let f(t) be the second derivative of -t**3/6 - 3*t. Let n be 0/(-1*2) + -4. Let v(g) = n*f(g) + a(g). Calculate v(-1).
-5
Let d(f) = -f + 2*f + 0*f + 1. Let c be d(0). Let z(m) = -5*m**2 + 2*m - 1. Give z(c).
-4
Let f(j) be the second derivative of j**5/60 + j**3/3 - j. Let p(l) be the second derivative of f(l). Let q be 2*2*(-3)/12. What is p(q)?
-2
Let o(s) = -1 + 2*s - 2*s**3 + 4*s**2 + 3 - 5*s. Let r be o(2). Let y(w) = w**2 + 4*w. Let j be y(r). Let m(g) = g + 3. What is m(j)?
3
Let k(o) be the first derivative of 2/3*o**3 - 3*o - 2 - 1/2*o**2. Let f(c) be the first derivative of k(c). Give f(-1).
-5
Suppose 10 = 2*q - 0*q. Let y(w) = -4*w**3 + 5*w**2 + 2*w**3 + w**3 - 1. Calculate y(q).
-1
Let r(y) = -y**2 + y + 1. Let p(f) = f**2 - 7*f. Let s(u) = p(u) + 2*r(u). Determine s(-3).
8
Let i = 24 - 22. Let q(f) be the second derivative of -f**2 + 0 - 1/6*f**3 + 1/12*f**4 + i*f. Calculate q(-2).
4
Let v(t) = -4*t**2 - 4*t + 5. Let i(l) = 5*l**2 + 3*l - 6. Let s(w) = 5*i(w) + 6*v(w). Let k be s(9). Let d(n) = -4*n + 2 + 4*n + n. Calculate d(k).
2
Let h(x) = 9*x + 104. Let q be h(-11). Let w(n) = -5*n**2 + n**2 - 2*n + n**3 - 4 - 2*n. What is w(q)?
1
Let y(f) = -f**2 - 1. Suppose 0 = 4*a - 4*s - 48 - 16, -3*a - 5*s = -48. Suppose 2 = -t, -5*b - a = -b + 2*t. Give y(b).
-10
Let q(f) = -7 + 12 - 2*f + 4. Calculate q(6).
-3
Let v(u) = 9*u**3 + 5*u**2 - 5*u - 13. Let j(s) = -4*s**3 - 2*s**2 + 2*s + 6. Let b(p) = 7*j(p) + 3*v(p). Let g = 5 + -8. Let w be (0 + 0)/(g - -2). Give b(w).
3
Suppose 3*v = 8*v - 10. Suppose -3*h = -v*u + 11, -h - 7 = 2*h - u. Let c(a) = -7*a + 1. Let z(b) = -15*b + 2. Let x(l) = 13*c(l) - 6*z(l). Give x(h).
2
Suppose 0 = -5*v - 10, -4*w + v = -2*v - 6. Suppose w = -5*s - 2*i + 96, -2*s - 4*i = -2*i - 36. Suppose 3*l - s = -l. Let r(u) = u**2 - 7*u - 2. Give r(l).
-12
Suppose 2*o + 3*u + 1 = 4*u, -u - 3 = 0. Let a(r) = -r**3 - 2*r**2 - 2*r - 1. Give a(o).
3
Let b(l) = l**3 + 3*l**2 + 3*l**2 - 6 - l**2 - 9*l. Determine b(-6).
12
Suppose 4*s - 2*n - 6 = -0*n, 4*s + 9 = -3*n. Let i(p) be the third derivative of 0 + 0*p**3 + 1/60*p**6 + p**2 - 1/60*p**5 + s*p - 1/24*p**4. Give i(-1).
-2
Suppose 2*v = -0*v - 6, -9 = -2*m + v. Let r(c) = m - 1 - 1 + c. Give r(-1).
0
Let w(b) = 11*b**2 + 14*b - 8. Let m(r) = 7*r**2 + 9*r - 5. Let j(d) = -8*m(d) + 5*w(d). Calculate j(-2).
0
Let h(b) = b**2 - 7*b - 6. Suppose 4*g - 36 = -4*v, -3*v + g = -3 - 12. Determine h(v).
-12
Let c(p) be the first derivative of -p**6/360 - p**5/40 - p**4/12 + p**3/3 + 2. Let m(f) be the third derivative of c(f). Calculate m(-3).
-2
Let g(k) = 2 + 4 - 59*k**3 - 2*k - 7*k**2 + 60*k**3. What is g(7)?
-8
Let b(q) be the first derivative of -1/4*q**4 + 6 - 2*q**2 - 7/3*q**3 - 2*q. Determine b(-6).
-14
Let w(p) be the third derivative of p**4/6 - p**3/6 + 14*p**2. Let l = 7 + -10. Let y = l + 5. What is w(y)?
7
Let t(i) = 2*i**2 + i + 1. Suppose 5*q - 5*p = -5, -5*p - 3 + 23 = 0. Suppose -q*s + 5*w = 21, -4*s = -4*w - 0*w + 20. Determine t(s).
7
Let l(o) = -10*o + 6*o - 6*o**2 + o**3 + 1 + 4*o. Calculate l(6).
1
Let u = 10 + -4. Let j(o) = o**2 - 7*o + 6. Calculate j(u).
0
Let p = -6 - -9. Let c(j) = 4*j - 1. Determine c(p).
11
Let y(i) = 4*i - 4 + 2 - 1 - 4*i**2 + 2*i**2. Let r be (-3)/1*3/(-3). What is y(r)?
-9
Let d(i) be the second derivative of 2*i + 3/2*i**2 + 1/2*i**3 + 0. Let w = 14 - 16. Calculate d(w).
-3
Let a(y) = 4*y**2 - 3*y + 2. Let f be a(1). Let o(u) = -u + f*u - u. Suppose -q + 25 = 4*q. Determine o(q).
5
Let r(k) be the first derivative of -k**4/24 - k**3/2 + k**2/2 + 2. Let g(z) be the second derivative of r(z). Let p = 146 - 152. Determine g(p).
3
Let y(o) be the third derivative of o**6/120 + 3*o**5/20 + 5*o**4/12 + 2*o**3/3 + 42*o**2. What is y(-8)?
-12
Let f be 3 + 2*9/(-6). Let w(p) = p**3 + p**2 + 2 + f*p**3 - 9. Let g be (0*2/4)/2. What is w(g)?
-7
Let i(y) be the first derivative of -1 + 5*y - 1/2*y**2. What is i(4)?
1
Let o(t) be the third derivative of 7*t**5/30 - t**4/24 + t**3/6 + 6*t**2. Give o(1).
14
Let u(l) = -l - 3. Let x = -5 - -11. Let w be ((-1)/2)/(1/(-6)). Suppose -g - x = -w*g. Give u(g).
-6
Let x(y) = 2*y + 4. Let f = 29 - 34. Determine x(f).
-6
Let s(y) be the first derivative of 7*y**3/3 - 2*y**2 - 1. Let v(d) = -11*d**2 + 6*d. Let x(n) = 8*s(n) + 5*v(n). Calculate x(4).
8
Let j be 1/(-1) - -1*4. Let p(r) = -12 + j*r + 15 - 2*r. What is p(-4)?
-1
Let u(n) = -n - 3. Let z(i) = i**2 - 3*i + 1. Let d be ((-8)/3)/((-6)/9). Let r be z(d). Give u(r).
-8
Let n(d) = -d**2 - 8*d - 9. Let f(p) be the second derivative of p**4/12 + p**3/6 + p**2/2 - 6*p. Let x(z) = 2*f(z) + n(z). Calculate x(6).
-7
Let t be (108/26 + 16/(-104))*1. Let m(x) = x + 1. What is m(t)?
5
Let z be (6/4)/(1/2). Let g = z + -7. Let p(m) = m**2 + 4*m + 6. Calculate p(g).
6
Let i(x) = x - 3. Let m(j) = j**2 - 5*j - 17. Let s be m(8). Let q be i(s). Let p(b) be the third derivative of -b**4/12 + 5*b**3/6 + 2*b**2. Determine p(q).
-3
Let w(r) = -r**3 - 8*r**2 - 8*r - 8. Let n be -10 + 9*(-5)/(-15). Determine w(n).
-1
Let g = -101 + 108. Let c(p) = p**3 - 6*p**2 - 7*p + 10. Calculate c(g).
10
Suppose -5*p - 3*u = -2, -u = -3*u + 8. Suppose -4*t + 3*o + 40 = 0, 0*o + 4*o = 4*t - 44. Let j(c) = t*c - 2*c - 6*c. What is j(p)?
2
Let f(u) = -2*u - 4. Let d(a) = -a**3 - 2*a**2 + a - 4. Let h be d(2). Let w be 50/h - (-6)/(-27). Give f(w).
2
Let h(d) = -2*d**3 - 3*d**2 + 1. Let x be h(-2). Let v = x - 3. Let o be 4*(-9)/24*v. Let r(n) = n**3 + 4*n**2 + 5*n + 3. Calculate r(o).
-3
Let w(f) be the second derivative of f**4/12 + f**3/6 - 2*f**2 - 7*f + 2. Give w(-3).
2
Let s(c) = -c - 2. Let t be s(-11). Let g(f) = 13*f**3 + 2*f**3 + 0*f - t*f**3 - 2*f + 1. Determine g(1).
5
Suppose 3*r + 4 = -5*l + 4*l, 2*l - 5*r - 47 = 0. Let w(h) = h**3 - l + 5*h**2 + 17 + 5*h + h. What is w(-4)?
-2
Let t(g) = g**3 + 4*g**2 - 5*g + 7. Suppose 0*a + 230 = 5*a. Suppose -3*